{"id":471,"date":"2020-04-26T21:44:37","date_gmt":"2020-04-26T12:44:37","guid":{"rendered":"http:\/\/jpars.org\/online\/?page_id=471"},"modified":"2020-04-26T21:45:17","modified_gmt":"2020-04-26T12:45:17","slug":"hoshino-seiji","status":"publish","type":"page","link":"https:\/\/jpars.org\/online\/view-issue\/vol-5\/authors2020\/hoshino-seiji","title":{"rendered":"Hoshino Seiji"},"content":{"rendered":"<p><strong>Hoshino Seiji<\/strong> is an Associate Professor at the Institute for Japanese Culture and Classics, Kokugakuin University, Tokyo, Japan. He specializes in history of religions in modern Japan and is the author of <em>Kindai Nihon no sh\u016bky\u014d gainen: Sh\u016bky\u014dsha no kotoba to kindai<\/em> \u8fd1\u4ee3\u65e5\u672c\u306e\u5b97\u6559\u6982\u5ff5\u2015\u5b97\u6559\u8005\u306e\u8a00\u8449\u3068\u8fd1\u4ee3 [The Concept of Religion in Modern Japan] (Y\u016bshisha, 2012).<\/p>\n","protected":false},"excerpt":{"rendered":"<p>Hoshino Seiji is an Associate Professor at the Institute for Japanese Culture and Classics, Kokugakuin Univers [&hellip;]<\/p>\n","protected":false},"author":1,"featured_media":0,"parent":468,"menu_order":1,"comment_status":"closed","ping_status":"closed","template":"","meta":[],"_links":{"self":[{"href":"https:\/\/jpars.org\/online\/wp-json\/wp\/v2\/pages\/471"}],"collection":[{"href":"https:\/\/jpars.org\/online\/wp-json\/wp\/v2\/pages"}],"about":[{"href":"https:\/\/jpars.org\/online\/wp-json\/wp\/v2\/types\/page"}],"author":[{"embeddable":true,"href":"https:\/\/jpars.org\/online\/wp-json\/wp\/v2\/users\/1"}],"replies":[{"embeddable":true,"href":"https:\/\/jpars.org\/online\/wp-json\/wp\/v2\/comments?post=471"}],"version-history":[{"count":2,"href":"https:\/\/jpars.org\/online\/wp-json\/wp\/v2\/pages\/471\/revisions"}],"predecessor-version":[{"id":473,"href":"https:\/\/jpars.org\/online\/wp-json\/wp\/v2\/pages\/471\/revisions\/473"}],"up":[{"embeddable":true,"href":"https:\/\/jpars.org\/online\/wp-json\/wp\/v2\/pages\/468"}],"wp:attachment":[{"href":"https:\/\/jpars.org\/online\/wp-json\/wp\/v2\/media?parent=471"}],"curies":[{"name":"wp","href":"https:\/\/api.w.org\/{rel}","templated":true}]}}